t = 3*c. List the prime factors of c.
2
Suppose -5*z - 3 = -s, -5*z = 2*s - 5 - 1. Suppose 3*x = -s*c + 21 + 3, -32 = -2*x + 2*c. List the prime factors of x.
2, 3
Suppose 20 = 5*q - 15. List the prime factors of q.
7
Let l be -2 - 1/(2/(-10)). Suppose w + 2*x = l*w - 38, 2*w - 5*x = 47. List the prime factors of w.
2
Suppose 12*a = 9*a + 138. List the prime factors of a.
2, 23
Let g be (-6 - 6/(-2))*-1. Suppose -g*l + 2 = -13. Let a = 7 - l. What are the prime factors of a?
2
Let i(a) = a**2 + 3*a - 4. List the prime factors of i(-8).
2, 3
Suppose r = -3*c + 8 - 2, -4*r - 15 = -c. What are the prime factors of (-22)/r - 10/(-15)?
2
What are the prime factors of ((-4)/10)/((-2)/90)?
2, 3
Let d(f) = 14*f + 51. What are the prime factors of d(5)?
11
Suppose 4*x + 20 = -12. What are the prime factors of (-76)/x + (-2)/4?
3
Let m = -22 + 34. Let j(f) = -f**2 + 13*f + 11. Let s be j(m). Let d = s + -14. What are the prime factors of d?
3
Let i(j) = -3*j - 4. Let a be i(3). Let q = -6 - a. List the prime factors of q.
7
Suppose 0*h + 4*h - 108 = 0. Let x(w) = -w + 2. Let k be x(2). Suppose k = -r - 0*r - 2*s + h, 3*r - 73 = -4*s. List the prime factors of r.
19
Let k be 9/(-15)*(-1 - -6). List the prime factors of 84/16*(-8)/k.
2, 7
Let k(w) = w**2 - 2*w - 4. Let g be k(4). Suppose g*n = 19 - 3. Let t = n - 1. What are the prime factors of t?
3
Suppose -5*j + 186 = -2*j + 3*n, -2*n = -j + 50. List the prime factors of j.
2, 29
Let h = 309 + -47. List the prime factors of h.
2, 131
What are the prime factors of (-2)/8*1 + 266/8?
3, 11
Suppose -2*n + 28 + 35 = -3*x, 39 = 2*n + 5*x. What are the prime factors of n?
3
Suppose -2*d + 77 = -175. What are the prime factors of d?
2, 3, 7
Let j(h) = 7*h - 2. Let q(u) = 6*u - 2. Let m(t) = -5*j(t) + 6*q(t). Let a be m(5). Suppose w - 12 = -a*w. List the prime factors of w.
3
What are the prime factors of (-2585)/(-15) - 8/(-12)?
173
Suppose -2*q - 6 = 2*m - 4*q, -2*m = 2*q + 14. List the prime factors of 38 - ((-8)/2 - m).
37
Let x be (6/5)/((-6)/(-20)). Suppose -x*l + 2*t + 7 + 11 = 0, -3*l + t + 16 = 0. Suppose 0 = -5*o + l + 18. List the prime factors of o.
5
Suppose -5 = -2*q - 3*g, -4*q = -2*q - 5*g - 13. What are the prime factors of q?
2
Let u(n) = n**3 - 6*n**2 - 11*n + 6. List the prime factors of u(8).
2, 23
Suppose -180 + 20 = -4*o + 4*n, 150 = 3*o + 3*n. Let c = o - 31. Let b = -10 + c. List the prime factors of b.
2
Suppose -2*s - 1 = -9. Suppose -5*c = 4*g - 89, s*c - 3*g - 124 = -28. List the prime factors of c.
3, 7
Let g = 120 - 41. List the prime factors of g.
79
Let i = 49 - -1. What are the prime factors of i?
2, 5
Let z = 1 + 2. Suppose -z*i - 47 + 125 = 0. What are the prime factors of i?
2, 13
Let z = -87 - -150. What are the prime factors of z?
3, 7
Let c(r) = -r - 5. Let w(i) = 2*i + 9. Let b(x) = 7*c(x) + 4*w(x). List the prime factors of b(9).
2, 5
Let j(t) = -2*t**2 + 8*t - 5. Let s be j(5). Let r = 37 + s. Let u = r + -12. What are the prime factors of u?
2, 5
Let p(u) = -u**2 - 4*u + 7. List the prime factors of p(-3).
2, 5
Let f = 4 - -35. Suppose -5*j - 1 = f. Let q = j + 10. What are the prime factors of q?
2
Suppose -4*j - 2*c = -14, -2 = j + 3*c - 8. Suppose -j = -3*l - 57. Let o = -11 - l. What are the prime factors of o?
7
Suppose 2*m = 5*u - 698, 2*u = 4*u - 5*m - 296. Suppose 4*d + 2*o - u = 0, o = 3*o + 6. What are the prime factors of d?
2, 3
Let s(c) = c + 8. Let z be -3 + (3 - -1) + -1. What are the prime factors of s(z)?
2
Let p = 48 - 18. Suppose -2*l = -0*l, 3*v - p = -l. What are the prime factors of v?
2, 5
Suppose 0*g + 2*k = 2*g - 16, k + 14 = 3*g. Let z be -1 - (-2)/2 - -32. Suppose 0 = -g*c - c + z. List the prime factors of c.
2
Let u be 2/(2/11) - -1. Suppose 4*v = -5*k - u, 4*v - 34 = 5*k - 6. Suppose -v*w = -4 - 0. What are the prime factors of w?
2
Let v = -99 - -143. List the prime factors of v.
2, 11
Let n be (3 - 2)/(-6 + 5). List the prime factors of 2 + (-30)/(-2) - n.
2, 3
Suppose r - 173 = 85. List the prime factors of r.
2, 3, 43
Let w be (5/3 - 2)*-9. Let f = w - -5. Let m = 19 - f. List the prime factors of m.
11
Suppose 16 = 4*j + 4*y, 0 = -4*j - 0*y - y + 7. What are the prime factors of (-3)/(j - 51/42)?
2, 7
Let f = 10 - 10. Suppose -2*h + 0*h + 16 = f. List the prime factors of h.
2
Suppose 0 = -4*k - 5 + 21. Suppose -a = 5*x - 35, -k*x = -2*a - 0*x + 140. List the prime factors of a.
2, 3, 5
Let l = 2 - -1. Suppose -l*g + 8*g + 270 = 0. List the prime factors of 2/(-5) + g/(-10).
5
Suppose 4*w + 5 = d, 0 = -4*w - 0*d + 5*d - 25. Let r(s) = s - 4. Let v be r(4). Suppose v = -3*l - w*l + 30. List the prime factors of l.
2, 5
Let t(u) = 5*u**3 + 3*u**2 - 2*u + 3. Let f be t(2). Suppose 0*a - 3*a = f. Let d = a - -32. List the prime factors of d.
3, 5
Suppose 2*c + 3*c - 2*q - 96 = 0, 9 = c + 3*q. Suppose -4*a = -6 - c. What are the prime factors of a?
2, 3
List the prime factors of (5*(-21)/(-140))/((-1)/(-8)).
2, 3
Suppose 0*p - p + 42 = 0. List the prime factors of p.
2, 3, 7
Suppose 2*l - 73 = -13. What are the prime factors of l?
2, 3, 5
Let l be 138/42 - (-4)/(-14). List the prime factors of (-7)/7 + l + 1.
3
Let g(z) = -5*z**3 + 2*z**2 - z - 5. Suppose 3*d + 7 = -5. Let r(y) = -y**3 - y**2 - y. Let o(s) = d*r(s) + g(s). What are the prime factors of o(6)?
13
Suppose 3*v + 1 - 43 = 0. What are the prime factors of (-7)/v - 26/(-4)?
2, 3
Suppose -5*n = -6*n - 5. Let m(b) = b**3 + 5*b**2 - b + 1. What are the prime factors of m(n)?
2, 3
Let l(w) = w**3 + 3*w**2 - w - 2. Let o be l(-4). Let p = 54 + o. What are the prime factors of p?
2, 5
Suppose 0 = 3*i - 4*m + 7, -5*i + 2*m + 6 + 1 = 0. Suppose -g = i*g + q - 32, -5*q + 7 = 3*g. List the prime factors of g.
3
Let y = -33 - -46. Suppose -2*j = -3*b + 23, -7 - y = -4*b. What are the prime factors of ((-22)/(-4))/(j/(-8))?
11
Let l(r) = 4*r**3 + 3*r - 3. What are the prime factors of l(2)?
5, 7
Let i be 72/(-2)*3/(-6). Let n be (3/2)/(1/i). Let h = n + -17. List the prime factors of h.
2, 5
Suppose n + 0*n = -11. Suppose -3 = 3*m, -p + 3*p + 3 = m. Let b = p - n. What are the prime factors of b?
3
Let f(d) = -17*d**3 + 2*d**2 - 1. Let m be f(-1). Let q = m - -12. Suppose 2*u = 4, 5*k - 3*u - 19 = q. What are the prime factors of k?
11
What are the prime factors of (20/(-25))/(((-12)/585)/2)?
2, 3, 13
Suppose u - g = -2*u + 183, -2*u + 111 = 3*g. Suppose 0 = -q + 6*q - u. List the prime factors of q.
2, 3
Let s(k) = -16*k + 2. List the prime factors of s(-2).
2, 17
Let q(y) = -y**3 + 3*y - 4. Let u be ((-18)/15)/((-2)/(-5)). What are the prime factors of q(u)?
2, 7
Let m be 3/(-3) + 3 + 8. Let z = 53 - m. What are the prime factors of z?
43
Suppose -d - 54 = -4*w, 3*w + 2*w - 2*d - 69 = 0. Suppose 4*o - 11 = w. What are the prime factors of o?
2, 3
Let j(x) = 2*x**2 - x - 3. Let n(y) = -3*y + 4. Let m be n(3). List the prime factors of j(m).
2, 13
Suppose 4*c - w = 42, -w + 48 = 5*c - 0*w. Let y be (-3 - -8)*6/c. Suppose -k = -y*k + 22. List the prime factors of k.
11
Let u(y) = y + 12. Suppose 0 = 8*a - 3*a. List the prime factors of u(a).
2, 3
Suppose 2*l - 98 = -4*n, -3*l + 40 = -4*n - 137. List the prime factors of l.
5, 11
List the prime factors of (-3 - 409)*(-1)/4.
103
List the prime factors of (-119)/(-3) - 6/9.
3, 13
Let a be 692/(-36) + (-2)/(-9). Let b = -10 - a. List the prime factors of b.
3
Suppose -5*h = -2*j + 858, -191 = h - 2*j - 13. Let i = h - -6. List the prime factors of i/(-9) - (-8)/(-36).
2, 3
Let q(d) = 2*d**2 + 9*d + 13. List the prime factors of q(-6).
31
Let r = 18 - -19. List the prime factors of r.
37
Let a = 443 - 200. What are the prime factors of a?
3
Let k(d) = d**3 - 10*d**2 + 2*d - 13. Let m be k(10). Let a(h) = 1 + 2*h - m - 2 + 2. What are the prime factors of a(8)?
2, 5
What are the prime factors of 692/6 + 12/18?
2, 29
Suppose -5*r - 57 + 387 = 0. Suppose 2*s = 2*v + 6*s - r, -2*s = -v + 25. What are the prime factors of v?
29
Suppose -4*p = -3*i - 209, p - 3 = 2*i + 48. Let f = -28 + p. What are the prime factors of f?
5
Suppose 0 = -5*j + 11 + 14. Let p = -44 + 50. Let g = j + p. What are the prime factors of g?
11
Suppose 0 = 2*z - 6 - 0. Suppose -o + 27 - 10 = 5*n, -n = -z. What are the prime factors of o?
2
Let m = 3 - -1. Suppose 0 = -m*v